t k = -14 + 7. Let h(m) = -m**2 - 12*m - 38. Let t be h(k). Let f be (-48)/(-10)*(-10)/t. Calculate the highest common divisor of f and 128.
16
Let p(b) = 4*b**2 - 21*b - 14. Let y = 613 + -603. Let t be p(y). Calculate the highest common divisor of t and 132.
44
Suppose 1805 = 220*x - 215*x. Calculate the greatest common divisor of 57 and x.
19
Let j = 1655 + -1217. What is the highest common factor of j and 42?
6
Suppose -4*f = 3*s - 37, -9 = -4*s + 3. Let h(a) = -315*a**3 - a**2 + 1 + 0 - 4*a + 306*a**3. Let g be h(-2). Calculate the greatest common divisor of f and g.
7
Let v(o) = -o**2 - 9*o + 3. Let t be v(0). Let h = t + 7. Suppose 4*u - 300 = -5*p, 0 = u - 6*p + 2*p - 96. Calculate the greatest common factor of u and h.
10
Suppose 46*s - 20 = 42*s, 5*s = 3*g - 56. Let v = -33 + 45. Calculate the greatest common factor of g and v.
3
Suppose 4*l - 2210 = -2*c, -13*l + 1099 = -11*l - c. What is the highest common divisor of l and 95?
19
Suppose 347*b + 88 = 325*b. Let v = -15 + 35. Let y = b + v. Calculate the greatest common factor of 4 and y.
4
Suppose -47 = 3*x - 2. Let u be 5 - 0 - (x - (-690)/(-6)). Calculate the greatest common factor of 27 and u.
27
Suppose s = -4*u - 218, -2*s - u - 433 = 4*u. Let n = s + 225. What is the greatest common factor of 77 and n?
11
Let k = 4048 + -3168. What is the highest common factor of 11 and k?
11
Let k be 6*96235/70 - ((-10)/35 + 0). Calculate the greatest common divisor of k and 113.
113
Let d = 47 + -28. Suppose 3*u + 2*a = -2*u - 54, 0 = u + 5*a - 3. Let c = u + d. Calculate the highest common divisor of 28 and c.
7
Let y(x) = -149*x - 1. Let z be y(-2). Let d = 813 + -780. Calculate the greatest common divisor of z and d.
33
Let s be 8560/70 - 144/(-84). Calculate the highest common divisor of 186 and s.
62
Suppose -p = -0*p - 1995. Suppose 0 = -22*c - 35*c + p. Calculate the highest common divisor of 875 and c.
35
Let s be 303 + -5*1/(-1). Calculate the greatest common divisor of s and 836.
44
Let z(c) = -26*c + 112. Let h be z(-10). Let l = h + -334. Calculate the greatest common divisor of 266 and l.
38
Let x be -120*(1 + 3/(-2)). Let r = 3487 - 3247. Calculate the highest common divisor of r and x.
60
Let s(a) = 5469*a + 38538. Let q be s(-7). Let l = -89 + 191. Calculate the highest common divisor of q and l.
51
Suppose 0*y = -4*y + 12. Suppose 4*v - 35*t = -36*t + 604, 0 = -3*v - y*t + 444. What is the greatest common divisor of 380 and v?
76
Let l(f) = -f**3 - 6*f**2 - 3*f + 6. Let r be l(-5). Let d(x) = -35*x - 6. Let t be d(r). Let m = t + -102. What is the highest common factor of 4 and m?
4
Let p be (-2)/(0 + (-2)/36). Let h be 12/(-15) + 104/(-20). Let s(l) = l**2 + 6*l + 4. Let o be s(h). What is the highest common divisor of o and p?
4
Let n be 6/(-1176)*-14 + 275/70. Let l(u) = -u**3 + 13*u**2 + 14*u + 18. Let x be l(13). What is the highest common divisor of n and x?
4
Suppose -2*r + 407 = 2*j + 75, 2*r - 342 = 3*j. Suppose h + 30 = -s + 97, -3*h = -s - 185. Calculate the greatest common factor of h and r.
21
Suppose -25 = -5*i, 0 = -m + 5*m - i - 391. Suppose 2*o - m = -5*p, 7*p - 10 = 5*p. Suppose -o = -2*v - 25. Calculate the highest common factor of v and 66.
6
Suppose 0 = 3*b - 6, y - 2*y - 3*b + 8 = 0. Let m(z) = 7*z + 19. Let n be m(y). What is the highest common divisor of 231 and n?
33
Suppose -1314 = -2*u - 4*v, -2048 - 628 = -4*u + 4*v. Let i = -21 + u. Calculate the highest common factor of i and 28.
28
Let d = 17328 - 16978. Calculate the highest common divisor of d and 245.
35
Let x = 21 - -3. Let d(z) = -41*z + 62. Let m be d(-14). What is the highest common factor of x and m?
12
Suppose 260 = 2*m - 0*m. Suppose 2*g - 49 = 177. Suppose 563 + g = 13*c. Calculate the greatest common factor of m and c.
26
Let k(w) = 3*w - 35. Let p(d) = 3*d - 3. Let q be p(6). Let l be k(q). Let v be (2 - 15/l)*8. Calculate the greatest common factor of v and 8.
4
Suppose 7*d - 3*d = 5*x + 13410, 3358 = d - 4*x. Calculate the highest common divisor of 20 and d.
10
Let t(c) = c**3 + 6*c**2 - 16*c - 28. Let q be t(-8). Let h be 135 - (7 + q)/(-3). What is the highest common divisor of h and 4?
4
Let n(z) = -z**3 - z**2 - 17*z - 60. Let o be n(-4). Calculate the greatest common factor of o and 4104.
8
Let g be 6859/9 + 320/360. What is the highest common divisor of g and 1744?
109
Let h(t) be the first derivative of t**4/4 - 4*t**3 - 33*t**2/2 + 4*t + 6. Let g be h(15). What is the greatest common factor of g and 8?
8
Let r(w) = -w + 9. Let o be r(1). Let i(h) = h**2 - 5 + 11*h - 5*h**2 + 3*h**2. Let g be i(o). Calculate the greatest common divisor of 152 and g.
19
Let t = 316 + -313. Suppose -3*k + 306 = t*d, 2*k - 131 - 89 = 2*d. What is the highest common divisor of k and 265?
53
Let z be 24/(-16)*(16/20)/(8/(-700)). Let m(o) = o**2 - 4*o - 2. Let f be m(8). What is the greatest common divisor of z and f?
15
Let q be 15/6 + 10/4 + -3. Suppose 2*r = -q*m + 16, 5*r = -0*m - 3*m + 30. Calculate the highest common factor of 3 and m.
1
Let v be 1/2*(0 - (-5 + 3)). Suppose -123*b - 656 = -2364 - 1490. Calculate the highest common factor of b and v.
1
Let j be (-1 + 1)*3*(-3)/18. Suppose 2*v + 22 - 48 = -b, 3*b - 2*v - 54 = j. Calculate the highest common factor of b and 8.
4
Suppose -5*h - 54 = -11*h. Suppose 16 = -h*n + 13*n. Suppose 4*g + n = 220. What is the highest common divisor of 27 and g?
27
Let h(o) = 3*o - 3. Let f be h(3). Let l(u) = -3*u**3 + 26*u**2 - 29*u - 20. Let r be l(7). Calculate the greatest common factor of f and r.
2
Suppose d = -4*d + 90. Let p = 104 - 97. Suppose p*n - 6*n = s + 5, 4*s + 8 = -2*n. Calculate the greatest common factor of d and n.
2
Suppose -s = -38*s + 6242 + 2786. What is the greatest common divisor of 1403 and s?
61
Suppose 35*u - 17*u = 15192. What is the greatest common divisor of u and 633?
211
Let n be 6 + -6 - (0 - 16). Suppose -n*t = -13*t - 30. Let x be t/(-4)*2560/(-100). Calculate the greatest common factor of x and 8.
8
Suppose 440 = 84*i - 62*i. Suppose -4 = 4*f - 12. Suppose y + 4*m = -3*y + 648, -3*y + f*m = -476. Calculate the greatest common divisor of y and i.
20
Let p be (107 + -33)*(4 - 255/(-6)). Calculate the greatest common divisor of 186 and p.
93
Suppose 3*a - 74 = -3*v - 2*v, -64 = -4*v - 4*a. Suppose 1269*c - 468 = 1260*c. Calculate the highest common factor of c and v.
13
Let r(w) = -w**3 + 12*w + 9. Let b be r(-3). Suppose 9*x + 54 - 378 = b. Calculate the highest common factor of x and 18.
18
Let z = -52 - -47. Let r be ((-5)/4 + z)/(2/8). Let m be (30/r*(-10)/(-3))/(-2). What is the highest common factor of m and 14?
2
Let q be 5 - (3/48*-161 - 60/(-960)). Calculate the greatest common divisor of q and 2335.
5
Let d = -14 - -32. Let l be -2*(-2 + 4 - 5). Let s be (-18)/(-7 + 33/l). Calculate the highest common factor of d and s.
6
Let s(k) = -k**2 - 13*k - 30. Let x be s(-7). What is the greatest common factor of 5484 and x?
12
Let g(v) = -v**3 - 18*v**2 + 12*v + 2. Let d be g(-19). Let h = 50 + -20. Calculate the highest common divisor of d and h.
15
Suppose -4*h + 3*h + 2 = 0. Suppose 44 = 6*f - h*f. Let q be (1736/98 - 16)/((-12)/(-616)). What is the highest common factor of f and q?
11
Let a be (-45)/(-4) + 11/4 + -2. Let d(c) = c + 12. Suppose 4*z = 34 - 10. Let b be d(z). What is the highest common divisor of a and b?
6
Let b(k) = 10*k**2 - 19*k - 105. Let q be b(-5). What is the greatest common factor of q and 15?
15
Let c(r) = -6*r**2 + 1. Let m be 1 + -3 + 7/7. Let a be c(m). Let f be (8 + -3)*(-9)/a. What is the highest common divisor of f and 72?
9
Let x = 785 + -450. Let h = -334 + x. What is the highest common factor of h and 32?
1
Let i(u) be the first derivative of 2*u**3/3 - 8*u**2 + 77*u + 35. Let y be i(4). What is the greatest common factor of y and 81?
9
Let w = -77 + 53. Let v be -1 - (-1305)/2 - w/(-48). Calculate the highest common divisor of v and 21.
21
Let j = -2236 + 8331. Calculate the highest common factor of 106 and j.
53
Suppose 0 = 9*n + 11 - 29. Suppose 3*t - 15 = 0, n*t - 165 = -5*q - 50. What is the greatest common factor of 28 and q?
7
Let a(p) be the first derivative of 19*p**4/4 + 2*p**3/3 - 3*p**2/2 + 3*p + 119. Let r be a(1). What is the highest common divisor of 21 and r?